{"id":718,"date":"2011-04-19T21:08:08","date_gmt":"2011-04-19T19:08:08","guid":{"rendered":"http:\/\/www.cbland.net\/pluschanfansub\/?page_id=718"},"modified":"2011-06-23T20:17:51","modified_gmt":"2011-06-23T18:17:51","slug":"note-azazel","status":"publish","type":"page","link":"http:\/\/pluschan.lacumpa.biz\/?page_id=718","title":{"rendered":"Note Azazel"},"content":{"rendered":"<p style=\"text-align: center;\"><strong>Episodio 1 &#8211; Introduzione! L&#8217;investigatore demoniaco, il demone e il lavoro part-time<\/strong><\/p>\n<p style=\"text-align: center;\"><span style=\"color: #ffffff;\">.<\/span><\/p>\n<p style=\"text-align: left;\"><strong><span style=\"color: #000000;\">La signora Fukuda<\/span><\/strong><\/p>\n<p style=\"text-align: left;\">Forse l&#8217;avrete riconosciuta dalla peculiare capigliatura, ma la cliente di Akutabe \u00e8 chiaramente una parodia di Sazae-san, una dei personaggi pi\u00f9 iconici dell&#8217;animazione giapponese e protagonista dell&#8217;anime pi\u00f9 longevo di sempre (una sorta di versione giapponese dei Simpson). Anche il cognome non \u00e8 casuale: la famiglia di Sazae si chiama infatti Fuguta.<\/p>\n<p style=\"text-align: left;\"><strong><span style=\"color: #000000;\">Tette-ra!<\/span><\/strong><\/p>\n<p style=\"text-align: left;\"><span style=\"color: #000000;\">Azazel fa un gioco di parole chiaramente intraducibile, che ho cercato di rendere come potevo. In originale, il demone ordina a Sakuma di rivolgerglisi in &#8220;keigo&#8221;, ovvero il linguaggio formale usato dai giapponesi quando si rivolgono ad una persona di grado superi0re. Le mostra poi un &#8220;pai&#8221;, una tessera del mahjong, e le dice di dirle cosa sia usando appunto il keigo&#8230; che, per i sostantivi, prevede di solito l&#8217;aggiunta di una o ad inizio parola; questo creerebbe il termine &#8220;o-pai&#8221;, molto simile a &#8220;oppai&#8221;. Ovverosia, tette.<\/span><\/p>\n<p style=\"text-align: left;\"><strong>La gamba di Z*ku<\/strong><\/p>\n<p style=\"text-align: left;\">La parola (e la gamba) sono censurate, ma si tratta ovviamente dello Zaku, uno dei mecha usati nella celeberrima serie &#8220;Mobile Suit Gundam&#8221;, il pi\u00f9 famoso dei quali &#8211; proprio quello del modellino offerto come sacrificio ad Azazel &#8211; \u00e8 quello pilotato da Char Aznable, rivale del protagonista Amuro Rei. Kiyoko, poi, fa riferimento a &#8220;quello bianco&#8221;; \u00e8 un chiaro riferimento al mezzo del personaggio principale della serie, il Gundam RX-78, che \u00e8 appunto di colore bianco.<\/p>\n<p style=\"text-align: left;\"><span style=\"color: #ffffff;\">.<\/span><\/p>\n<p style=\"text-align: left;\"><span style=\"color: #ffffff;\">.<\/span><\/p>\n<p style=\"text-align: center;\"><strong><span style=\"color: #000000;\">Episodio 2 &#8211; Il principe dell&#8217;Inferno<\/span><\/strong><\/p>\n<p style=\"text-align: center;\"><strong><span style=\"color: #000000;\"><span style=\"color: #ffffff;\">.<\/span><\/span><\/strong><\/p>\n<p style=\"text-align: left;\"><strong><span style=\"color: #000000;\"><span style=\"color: #ffffff;\"><span style=\"color: #000000;\">Bukkake Wide!<\/span><\/span><\/span><\/strong><\/p>\n<p style=\"text-align: left;\"><span style=\"color: #000000;\"><span style=\"color: #ffffff;\"><span style=\"color: #000000;\">Il nome della trasmissione \u00e8&#8230; alquanto bizzarro. Il bukkake \u00e8 una pratica sessuale nata appunto in Giappone che consiste nella masturbazione maschile (da soli o in gruppo) di fronte a una donna, di solito messa in ginocchio. Il seme, a sopraggiunta eiaculazione, va a schizzare sul volto della donna in questione. Perch\u00e9 abbiano intitolato una trasmissione con quel termine \u00e8 qualcosa che mi rimane oscura&#8230;<\/span><\/span><\/span><\/p>\n<p style=\"text-align: left;\"><span style=\"color: #000000;\"><span style=\"color: #ffffff;\"><span style=\"color: #000000;\">(oddio, mi sento sporco a rileggere le righe appena sopra&#8230; XD)<\/span><\/span><\/span><\/p>\n<p style=\"text-align: left;\"><strong>Azazeluccio<br \/>\n<\/strong><\/p>\n<p style=\"text-align: left;\">In originale Beelzebub si rivolge a Azazel chiamandolo &#8220;Azazel-kun&#8221;. Il suffisso kun viene usato appunto per indicare intimit\u00e0 nei confronti dell&#8217;interlocutore (che di solito in questo caso \u00e8 maschio); ed \u00e8 questo il motivo percui Azazel si infuria e intima all&#8217;altro di stare al suo posto: essendo stato evocato per primo, si sente il &#8220;superiore&#8221; di Beelzebub.<\/p>\n<p style=\"text-align: left;\">\n<p style=\"text-align: left;\"><span style=\"color: #000000;\"><span style=\"color: #ffffff;\"><span style=\"color: #000000;\"><strong>Fushi TV<\/strong><\/span><\/span><\/span><\/p>\n<p style=\"text-align: left;\"><span style=\"color: #000000;\"><span style=\"color: #ffffff;\"><span style=\"color: #000000;\">Il nome dell&#8217;emittente dove il programma &#8220;Bau Bau Wonderful&#8221; va in onda \u00e8 un chiaro richiamo alla realmente esistente Fuji TV.<br \/>\n<\/span><\/span><\/span><\/p>\n<p style=\"text-align: left;\"><strong><span style=\"color: #000000;\">Inui Kenichiro e Pome Pomeko<br \/>\n<\/span><\/strong><\/p>\n<p style=\"text-align: left;\"><span style=\"color: #000000;\">Nome e cognome del presentatore di &#8220;Bau Bau Wonderful&#8221; nascondono un&#8230; doppio cane. &#8220;Inu&#8221; \u00e8 infatti la lettura giapponese dell&#8217;ideogramma di cane, mentre &#8220;Ken&#8221; \u00e8 la lettura cinese dello stesso kanji.<\/span><\/p>\n<p style=\"text-align: left;\"><span style=\"color: #000000;\">Il nome della presentatrice invece si rif\u00e0 a &#8220;pomeranian&#8221;, il termine giapponese per indicare i volpini.<\/span><\/p>\n<p><span style=\"color: #ffffff;\">.<\/span><\/p>\n<p><span style=\"color: #ffffff;\"> <\/span><\/p>\n<p><span style=\"color: #ffffff;\">.<\/span><\/p>\n<p style=\"text-align: center;\"><strong>Episodio 3 &#8211; La rivoluzione dei maschi<\/strong><\/p>\n<p style=\"text-align: center;\"><strong><span style=\"color: #ffffff;\">.<\/span><\/strong><\/p>\n<p style=\"text-align: left;\"><strong>Salamander Kimitake<\/strong><\/p>\n<p style=\"text-align: left;\">Il nome &#8220;giapponese&#8221; del demone introdotto nel terzo episodio si rif\u00e0 al vero nome del famoso scrittore Mishima Yukio, uno dei pi\u00f9 importanti scrittori giapponesi del ventesimo secolo nonch\u00e9 fautore di un tentativo di colpo di stato al fine di restaurare il potere imperiale.<\/p>\n<p style=\"text-align: left;\"><strong>Una specie di torre?<\/strong><\/p>\n<p style=\"text-align: left;\">Ci\u00f2 che viene raffigurato sullo sfondo \u00e8 il cantiere della Tokyo Sky Tree, che una volta completata sar\u00e0 &#8211; con i suoi 634 metri &#8211; la torre pi\u00f9 alta del mondo (e la seconda struttura pi\u00f9 alta del mondo dopo il Burj Khalifa di Dubai), e servir\u00e0 da nuovo ripetitore per i segnali televisivi per l&#8217;area di Tokyo, compito prima svolto dalla ben nota Tokyo Tower.<\/p>\n<p style=\"text-align: left;\"><strong>Il sommo Shaka<\/strong><\/p>\n<p style=\"text-align: left;\">Qualcuno potrebbe avere pensato che ci si riferisca al Gold Saint di Saint Seiya, ma ovviamente qui si cita la fonte che ha dato il nome anche al personaggio di Kurumada, ovvero il Buddha Siddhartha Gautama, noto presso il popolo giapponese con il nome di Shaka Nyorai.<\/p>\n<p style=\"text-align: center;\"><span style=\"color: #ffffff;\">.<\/span><\/p>\n<p><span style=\"color: #ffffff;\"> <\/span><\/p>\n<p style=\"text-align: center;\"><span style=\"color: #ffffff;\">.<\/span><\/p>\n<p style=\"text-align: center;\"><strong>Episodio 4 &#8211; Un pesce invidioso<\/strong><\/p>\n<p style=\"text-align: center;\"><span style=\"color: #ffffff;\"><strong>.<\/strong><\/span><\/p>\n<p style=\"text-align: left;\"><strong>NEET<\/strong><\/p>\n<p style=\"text-align: left;\">Molto probabilmente avrete gi\u00e0 sentito questo termine, ma per coloro che ancora non sapessero di cosa si tratta di un acronimo inglese che sta per &#8220;Not in Education, Employement or Training&#8221;. Insomma, i nullafacenti.<\/p>\n<p style=\"text-align: left;\"><strong>Akutabe sar\u00e0 incazzato nero!<\/strong><\/p>\n<p style=\"text-align: left;\">Il mostro-Akutabe della fantasia di Azazel \u00e8 chiaramente una citazione al <em>kyoshinhei<\/em> (letteralmente &#8220;soldato divino gigante&#8221;) che appare in &#8220;Nausicaa della valle del vento&#8221;.<\/p>\n<p style=\"text-align: left;\"><strong>Riesco a vederlo&#8230;<\/strong><\/p>\n<p style=\"text-align: left;\">L&#8217;espressione e lo stile di disegno assunti da Sakuma dopo che Undine l&#8217;ha &#8220;curata&#8221; dalla sua miopia richiamano il protagonista del celeberrimo manga di Mizuki Shigeru, ovvero &#8220;GeGeGe no Kitaro&#8221; (da noi &#8220;Kitaro dei cimiteri&#8221;), uno dei personaggi pi\u00f9 emblematici e noti della produzione fumettistica nipponica.<\/p>\n<p style=\"text-align: left;\"><strong>Ultimamente stavo leggendo &#8220;Piano no Mori&#8221;&#8230;<\/strong><\/p>\n<p style=\"text-align: left;\">&#8220;Piano no Mori&#8221; (&#8220;la foresta del pianoforte&#8221;) \u00e8 un manga realmente esistente, pubblicato dalla casa editrice Kodansha (la stessa che serializza il manga di &#8220;Yondemasuyo, Azazel-san&#8221;), e racconta la storia di Kai, un ragazzino che sembra essere l&#8217;unico in grado di suonare alla perfezione un misterioso pianoforte posto al centro di una foresta. Dal manga \u00e8 stato tratto anche un film prodotto dalla Madhouse e che \u00e8 giunto in Italia (in edizione Kaze) con il titolo internazionale &#8220;Piano Forest&#8221;.<\/p>\n<p style=\"text-align: left;\"><strong>Choco Baby!<\/strong><\/p>\n<p style=\"text-align: left;\">Esistono davvero. E s\u00ec, sono uguali a delle cacche di capra.XD<\/p>\n<p><span style=\"color: #ffffff;\">.<\/span><\/p>\n<p><span style=\"color: #ffffff;\"> <\/span><\/p>\n<p><span style=\"color: #ffffff;\">.<\/span><\/p>\n<p style=\"text-align: center;\"><strong>OAD 2 &#8211; Capitolo di Seiya<\/strong><\/p>\n<p style=\"text-align: left;\"><strong>Seiya<\/strong><\/p>\n<p style=\"text-align: left;\">Come forse potreste avere intuito, il nome &#8220;Seiya&#8221;, cos\u00ec come quelli degli altri host presenti nello host club &#8220;Sanctuary&#8221;, senza contare il locale rivale &#8220;Poseidon&#8221;, sono tutti richiami al famoso manga &#8220;Saint Seiya&#8221; (da noi pi\u00f9 noto nella versione animata con il titolo &#8220;I cavalieri dello Zodiaco&#8221;).<\/p>\n<p style=\"text-align: center;\"><span style=\"color: #ffffff;\">.<\/span><\/p>\n<p><span style=\"color: #ffffff;\"> <\/span><\/p>\n<p style=\"text-align: center;\"><span style=\"color: #ffffff;\">.<\/span><\/p>\n<p style=\"text-align: center;\"><strong>Episodio 8 &#8211; Himo-P<\/strong><\/p>\n<p style=\"text-align: center;\">\n<p style=\"text-align: left;\"><strong><span style=\"color: #000000;\">Himo-P!<\/span><\/strong><\/p>\n<p style=\"text-align: left;\"><span style=\"color: #000000;\">Come potete sentire, le studentesse invaghite di Himoi lo chiamano Himo-T. Perch\u00e9 quindi il soprannome \u00e8 diventato Himo-P? Semplicemente perch\u00e9 la &#8220;T&#8221; \u00e8 un&#8217;abbreviazione di &#8220;Teacher&#8221;, quindi si \u00e8 voluta rendere un po&#8217; pi\u00f9 chiara la cosa sostituendo la T con la P di professore.<\/span><\/p>\n<p style=\"text-align: left;\"><span style=\"color: #000000;\"><strong>Uno scenario di fine secolo!<\/strong><\/span><\/p>\n<p style=\"text-align: left;\"><span style=\"color: #000000;\">La scuola &#8220;post apocalittica&#8221; causata dall&#8217;invidia di Undine \u00e8 chiaramente ispirata a Hokuto no Ken (da noi &#8220;Ken il Guerriero&#8221;).<\/span><\/p>\n<p style=\"text-align: center;\"><span style=\"color: #ffffff;\">.<\/span><\/p>\n<p><span style=\"color: #ffffff;\"> <\/span><\/p>\n<p style=\"text-align: center;\"><span style=\"color: #ffffff;\">.<\/span><\/p>\n<p style=\"text-align: center;\"><strong>Episodio 9 &#8211; L&#8217;apparizione della guerriera fragola! Nyorin! Www!<\/strong><\/p>\n<p style=\"text-align: center;\"><span style=\"color: #ffffff;\"><strong>.<\/strong><\/span><\/p>\n<p style=\"text-align: left;\"><span style=\"color: #ffffff;\"><strong><span style=\"color: #000000;\">Www!<\/span><\/strong><\/span><\/p>\n<p style=\"text-align: left;\"><span style=\"color: #ffffff;\"><span style=\"color: #000000;\">Non si tratta &#8211; come potrebbe sembrare &#8211; del noto acronimo &#8220;World Wide Web&#8221;, bens\u00ec il modo in cui gli otaku giapponesi esprimono la risata (fatevi un giro su 2chan, e potreste constatarlo di persona!). Sostanzialmente, \u00e8 il compagno nipponico dei nostri &#8220;lol&#8221;, &#8220;asd&#8221; e &#8220;rotfl&#8221;.<\/span><\/span><\/p>\n<p style=\"text-align: left;\"><span style=\"color: #ffffff;\"><span style=\"color: #000000;\"><strong>Golden shower!<\/strong><\/span><\/span><\/p>\n<p style=\"text-align: left;\"><span style=\"color: #ffffff;\"><span style=\"color: #000000;\">Insomma, ho spiegato cos&#8217;\u00e8 il bukkake, quindi tanto vale! La golden shower (nota in Italia anche con il termine &#8220;pioggia dorata&#8221;) non \u00e8 &#8211; purtroppo &#8211; un riferimento al mito greco di Zeus e Danae, bens\u00ec a una pratica sessuale che consiste nell&#8217;urinare sul corpo o &#8211; a volte &#8211; anche in bocca al proprio partner. <\/span><\/span><\/p>\n<p style=\"text-align: left;\"><span style=\"color: #ffffff;\"><span style=\"color: #000000;\"><strong>A chi hai dato del Jong-nam?<\/strong><\/span><\/span><\/p>\n<p style=\"text-align: left;\"><span style=\"color: #ffffff;\"><span style=\"color: #000000;\">Beelzebub si paragona ad un principe straniero, e Azazel gli risponde dandogli del Jong-nam. Kim Jong-nam \u00e8 il primogenito di Kim Jong-Il, il presidente della Corea del Nord; Jong-nam divenne famoso per il suo tentativo, nel 2001, di visitare in gran segreto il Giappone per poter visitare Tokyo Disneyland (tentativo che non and\u00f2 a buon fine).<\/span><\/span><\/p>\n<p style=\"text-align: left;\"><span style=\"color: #ffffff;\"><span style=\"color: #000000;\"><strong>Universit\u00e0 Saseda<\/strong><\/span><\/span><\/p>\n<p style=\"text-align: left;\"><span style=\"color: #ffffff;\"><span style=\"color: #000000;\">L&#8217;ateneo frequentato da Sakuma \u00e8 chiaramente una parodia della Waseda, la seconda universit\u00e0 pi\u00f9 quotata della capitale giapponese (la prima \u00e8 la Todai o Tokyo Daigaku).<\/span><\/span><\/p>\n<p style=\"text-align: left;\"><span style=\"color: #ffffff;\"><span style=\"color: #000000;\"><strong>Davvero un ottimo sakuga!<\/strong><\/span><\/span><\/p>\n<p style=\"text-align: left;\"><span style=\"color: #ffffff;\"><span style=\"color: #000000;\">Il termine &#8220;sakuga&#8221; significa &#8220;sequenza animata&#8221;. Ogni anime \u00e8 composto da moltissimi sakuga, di cui possono occuparsi anche persone diverse (che vengono definite &#8220;sakuga kantoku&#8221;, termine che si potrebbe rendere come &#8220;direttori dell&#8217;animazione&#8221;).<\/span><\/span><\/p>\n<p style=\"text-align: left;\"><span style=\"color: #ffffff;\"><span style=\"color: #000000;\"><br \/>\n<\/span><\/span><\/p>\n<p style=\"text-align: left;\">\n<p style=\"text-align: left;\">\n<p style=\"text-align: left;\">\n","protected":false},"excerpt":{"rendered":"<p>Episodio 1 &#8211; Introduzione! L&#8217;investigatore demoniaco, il demone e il lavoro part-time . La signora Fukuda Forse l&#8217;avrete riconosciuta dalla peculiare capigliatura, ma la cliente di Akutabe \u00e8 chiaramente una parodia di Sazae-san, una dei personaggi pi\u00f9 iconici dell&#8217;animazione giapponese e protagonista dell&#8217;anime pi\u00f9 longevo di sempre (una sorta di versione giapponese dei Simpson). Anche &hellip; <a href=\"http:\/\/pluschan.lacumpa.biz\/?page_id=718\" class=\"more-link\">Continue reading <span class=\"screen-reader-text\">Note Azazel<\/span><\/a><\/p>\n","protected":false},"author":1,"featured_media":0,"parent":0,"menu_order":0,"comment_status":"open","ping_status":"open","template":"","meta":[],"_links":{"self":[{"href":"http:\/\/pluschan.lacumpa.biz\/index.php?rest_route=\/wp\/v2\/pages\/718"}],"collection":[{"href":"http:\/\/pluschan.lacumpa.biz\/index.php?rest_route=\/wp\/v2\/pages"}],"about":[{"href":"http:\/\/pluschan.lacumpa.biz\/index.php?rest_route=\/wp\/v2\/types\/page"}],"author":[{"embeddable":true,"href":"http:\/\/pluschan.lacumpa.biz\/index.php?rest_route=\/wp\/v2\/users\/1"}],"replies":[{"embeddable":true,"href":"http:\/\/pluschan.lacumpa.biz\/index.php?rest_route=%2Fwp%2Fv2%2Fcomments&post=718"}],"version-history":[{"count":8,"href":"http:\/\/pluschan.lacumpa.biz\/index.php?rest_route=\/wp\/v2\/pages\/718\/revisions"}],"predecessor-version":[{"id":727,"href":"http:\/\/pluschan.lacumpa.biz\/index.php?rest_route=\/wp\/v2\/pages\/718\/revisions\/727"}],"wp:attachment":[{"href":"http:\/\/pluschan.lacumpa.biz\/index.php?rest_route=%2Fwp%2Fv2%2Fmedia&parent=718"}],"curies":[{"name":"wp","href":"https:\/\/api.w.org\/{rel}","templated":true}]}}